 0. Let n(s) = 1 + 2 + s - s**x + 0 + 3*s. Give n(6).
-9
Let j(m) be the third derivative of -m**7/840 - m**6/90 - m**5/60 + 2*m**3 - 14*m**2. Let o(a) be the first derivative of j(a). Give o(-3).
-3
Let m = -47 - -49. Let d(n) = -24 + 29 + m*n - 3*n. Suppose 0 = 7*v - 3*v - 28. Give d(v).
-2
Let l(n) be the first derivative of 7 + 4*n + 1/2*n**2. Determine l(-7).
-3
Suppose x - 6 = -4*i, 5*i - 7 - 11 = 4*x. Let b(n) be the second derivative of n**4/6 + 2*n**3/3 + n**2 + n. What is b(x)?
2
Let y be (-5 + 5 + 15/25)*-5. Let a(t) = -t**3 - t**2 + 4*t. What is a(y)?
6
Let p(o) = -o**2 + 5*o + 8. Suppose 4*y + t = 2*t + 64, 0 = 2*t + 8. Let m be (-12)/15 - (-87)/y. Suppose 5 = -m*f + 40. Calculate p(f).
-6
Let w be 12/3*((-4)/8 - -2). Suppose 0*h = 2*h + w. Let k(x) = -5*x + 1 + x + 2*x. Determine k(h).
7
Let t(l) be the first derivative of -l**5/40 + l**4/24 + 17*l**3/3 - 12. Let f(y) be the third derivative of t(y). Calculate f(2).
-5
Let d(p) be the third derivative of -1/6*p**3 - 1/60*p**5 + 0*p + 0 - 1/4*p**4 + 7*p**2. Determine d(-4).
7
Let h(y) = -y**2 - 3*y - 1. Let k be h(-3). Let g(u) = 18*u + 59. Let z(d) = 12*d + 42. Let n(l) = -5*g(l) + 7*z(l). Give n(k).
5
Let u(p) = 3*p + 15. Let l(m) = m**2 - 6*m - 6. Let o be l(6). Let d be u(o). Let t be d/6*12/3. Let w(x) = -3*x - 2. Calculate w(t).
4
Let m(a) = a**3 - 5*a**2 + 5*a - 2. Suppose 5*u = u - 28. Let x = 12 + u. Suppose -4 = -x*h + 16. Determine m(h).
2
Let m(v) be the second derivative of v**4/12 + 3*v**3/2 - 8*v**2 + 2*v + 174. Give m(-11).
6
Let o = 698 + -693. Let g(h) = -h**3 + 6*h**2 - 7*h + 3. Calculate g(o).
-7
Let d(n) be the third derivative of -n**6/120 + n**5/60 - n**4/24 - 68*n**2. Suppose -4*s = k - 2*k, 0 = -3*k + 3*s. Determine d(k).
0
Let r(x) = x**2 - 11*x + 10. Let z(w) = w**2 - 12*w + 11. Let h be ((-23)/(-69))/(2/18). Let m(y) = h*r(y) - 2*z(y). Determine m(8).
0
Let t(p) be the second derivative of p**5/4 + p**4/6 + p**3/3 + p**2/2 - 68*p. Give t(-1).
-4
Let f(l) = 6*l + 8*l**2 + l**3 - l**3 - l**3 - 41 + 43 - 2*l**2. Suppose -2*w - 14 = -4*w. Calculate f(w).
-5
Let u(s) = s**3 + 6*s**2 + s + 3. Let b(k) = 3*k**3 + 13*k**2 + 3*k + 6. Let h(r) = 2*b(r) - 5*u(r). Suppose 42 = 3*m + 4*c + 14, 24 = 3*m + 3*c. Give h(m).
1
Let s(u) be the second derivative of u**4/12 + 5*u**3/6 - u**2 + u. Give s(-7).
12
Let a = 441 + -434. Let m(w) = w**3 - 6*w**2 - 7*w + 3. What is m(a)?
3
Suppose -2*l + 5*z = z - 6, 3*l = 4*z + 11. Let n(f) be the first derivative of -5/3*f**3 + 0*f**2 - 10 + 1/4*f**4 + 3*f. Determine n(l).
3
Let m(j) = 3*j**2 - 3*j + 4. Let c be m(1). Let f(o) = o**3 - 3*o**2 - 5*o - 1. What is f(c)?
-5
Let r(q) = q**2 - 29*q - 94. Let n be r(32). Let d(j) = 3*j - 4. Let w be d(3). Let g(x) = w*x - x**2 - x - n*x + 4*x. Give g(5).
5
Let g(r) = 56*r**2 - 113*r + 1. Let l be g(2). Let j(u) = -5*u**3 + 2*u**2 - 1. Give j(l).
6
Let t(a) = a**2. Let m(l) = 6 + 4*l - 12 + 29. Suppose 0 = -3*v - 4*s - 18, 5*v + 24 = v + s. Let u be m(v). Determine t(u).
1
Let d(p) = p**3 + 5*p**2 + 4*p + 2. Suppose -2*n = 10, 10 = -5*q + 2*n - 30. Let c = -9 - q. Suppose 5*m = -c - 9. Determine d(m).
6
Let r = -97 - -95. Let w be (((-28)/21)/r)/((-4)/6). Let u(c) = -c - 2. Calculate u(w).
-1
Let z(i) = -34*i - 15*i + 48*i - 4. What is z(-6)?
2
Let f(i) = -18 + 69*i + 66*i - 1 - 1 - 134*i. Determine f(17).
-3
Let k(x) = -2*x - 1. Suppose 3*r = -3*o + 51, -r + o = -o - 2. Suppose -2*z - 6 = -2*u, -2*z + r = 2*u - 2. Determine k(z).
-5
Let w = 16 + -12. Let c be (w/4 + -6)/1. Let k(g) = -g - 8. Calculate k(c).
-3
Let j(d) = d**2 - 8*d + 3. Let w(t) = t**3 - 16*t**2 - 14*t - 15. Let n be w(17). Suppose -5*g - g = -n. Calculate j(g).
-9
Let b(x) = x + 4. Let p(o) = o + 6. Let s(d) = -7*b(d) + 5*p(d). Determine s(1).
0
Let l(t) be the first derivative of 3*t**2 + t - 248. Calculate l(-3).
-17
Suppose 0 = -t - m - 3, -4*t - 5*m + 0 - 16 = 0. Let u(c) = -2*c**2 - 1. Calculate u(t).
-3
Let i be 6/1*(1 + 0). Let n(k) = 4 + 2*k - 7 + i. Determine n(-4).
-5
Suppose -3*f + 20 = -7*f. Let i be (16/12)/((-3)/(-18)). Let h(x) = -7*x + 7*x**2 + 5*x - 3 - i*x**2 + 0*x. Give h(f).
-18
Let o be 6/(-6) - (4 + (-8 - -4)). Let i(k) be the first derivative of k - 9/2*k**2 + 2. What is i(o)?
10
Suppose 0 = -3*h - 15, -3*l + 5*h + 90 = 17. Suppose -l = n - 0*n - 2*k, 2*k = 10. Let g(i) = -i - 8. What is g(n)?
-2
Let m(p) = -p**2 + 3*p - 4. Suppose -4*k = -b - 21, 3*k + b = -4*b - 13. Suppose k*w - 9 = -2*d + 13, 0 = -5*w + 4*d - 5. Calculate m(w).
-4
Suppose -h + 5*s + 18 = 0, -h - s = -0*h. Let l(q) = h + 0*q - 2*q - 1. Calculate l(-5).
12
Let g(a) = a. Let s be 4 - (5 + (1 - 1)). Let v(c) be the third derivative of c**4/8 - 2*c**3/3 - 7*c**2. Let d(f) = s*v(f) + 4*g(f). Give d(-6).
-2
Let w(i) = 2*i**2 + 17*i - 37*i + 16*i - 7. Give w(4).
9
Let m(n) = 0*n**2 + 63 + 2*n**2 - 3*n**2 - 62. Determine m(3).
-8
Let t(d) be the first derivative of 1/4*d**4 + 2*d - 7/2*d**2 - 9 - 2*d**3. What is t(7)?
2
Suppose -2*b + 40 = -6*b. Let r be (-4)/b - (-126)/35. Suppose -4*g + 16 = r*c, 0 = -g - 0*g + 2*c + 4. Let h(j) = -j**3 + 3*j**2 + 6*j - 4. Determine h(g).
4
Suppose 3*i = -4*q + 3*q + 4, 0 = -4*q + 4. Let l(t) = -6*t + t + 0*t - i. Determine l(-2).
9
Let o(p) = -p**2 - 2*p + 3. Let v(h) = 3*h**2 + 53*h. Let d be v(-18). Let s be ((-8)/(-10))/(d/45). What is o(s)?
-5
Let f be (-26)/(-260)*(1 - -9). Let l(j) = -j**2 + j + 1. Let u(g) = 5*g**3 + 4*g**2 - 5*g - 2. Let r(c) = 3*l(c) + u(c). Determine r(f).
5
Let f be 6/4*-2 - -11. Let w(h) = 7*h**2 + 16*h + 16. Let y(j) = 11*j**2 + 24*j + 24. Let p(s) = f*w(s) - 5*y(s). Give p(-6).
-4
Suppose 28 = 2*h - 28. Let y = -31 + h. Let f(s) = -s**3 - 3*s**2 - 2. What is f(y)?
-2
Let s(w) = w**3 - 14*w**2 - 2. Let q = -6 + 20. Let n be s(q). Let i(a) = -3*a - 2. What is i(n)?
4
Let z(p) = p**2 + 36933 - 73859 + 36932 - 11*p. Suppose -s - 3 + 14 = 0. Give z(s).
6
Let a(x) = -x + 2. Let p(u) = -2*u + 8. Let r be p(5). Let i = r - -8. Calculate a(i).
-4
Let q(m) = m**2 - 24*m + 41. Suppose -3*w + 3 = b - 25, 4*w - 118 = -5*b. Let g be q(b). Let k(o) be the first derivative of o**3/3 + o**2 - 2. Calculate k(g).
3
Let t = -7 + 14. Let i(x) = -9*x - 16 + 0*x + x**2 + 17 + 2. Calculate i(t).
-11
Let r(f) = f**3 - 6*f**2 - 6*f + 3. Let x be 9 - (2 + -3 + (3 - 0)). Determine r(x).
10
Let b(h) = 4*h**2 + h + 13. Let j(x) = -2*x**2 - 6. Let u = -7 - -5. Let g(l) = u*b(l) - 5*j(l). Let s(z) be the first derivative of g(z). Determine s(2).
6
Let o(d) = d - 1. Let v(g) = 2*g**2 + 2*g - 2. Let m(x) = o(x) - v(x). Give m(-2).
-5
Let f(w) = w**3 + 2*w**2 - 6*w - 2. Suppose -3*l = q + 4, -q + 14*l - 9*l + 12 = 0. Let y be (-8)/(q + -2 + 2). Calculate f(y).
-10
Let u(l) = 0 - 2*l + 2*l**2 + 0 - 1 + l**3. Let k be 19 - 13 - (4 + 4). Give u(k).
3
Suppose 4*u - 5*u = 43. Let m = 73 + u. Suppose 4*t + m = -3*w + 8*w, 0 = 3*t. Let f(p) = p - 2. Give f(w).
4
Let c(t) = t + t + 2*t + 7 - t**2. Let a be (-126)/(-26) + (-9)/(-234)*4. Determine c(a).
2
Let d(g) = -2*g**2 - 5*g. Let c(y) = -2*y**3 + 4*y**2 - 5*y + 5. Suppose q = -a, a + 10 = q + 3*q. Let j be c(q). Determine d(j).
-25
Let m(b) = 11*b + 71. Suppose -9 = 3*j - 3*w - 0, -9*w = 36. Determine m(j).
-6
Suppose -u - v - 23 = -5*u, 0 = 3*u - 5*v - 30. Suppose 4*a - 2*w - 7 = 27, u*a = w + 41. Let p(l) = -l**2 + 9*l - 8. What is p(a)?
0
Let v(j) = -2*j - 2*j**3 + 3*j**3 + 3 + 0 - 7*j**2. Let d(i) = -2*i**3 - 44*i**2 + 57*i + 260. Let w be d(-23). Give v(w).
-11
Let p(s) = 23 - 16 + 0*s**2 - s**2. Determine p(0).
7
Let w(t) be the first derivative of -2 + t + 2/3*t**3 + 3/2*t**2. Calculate w(-2).
3
Let v(p) = p + 1. Suppose -2*s + 94 = 4*f, -2*s = -4*f + 42 + 32. Suppose f + 39 = 5*g. Suppose 4*l - q = 7*l - g, -3*l + 2*q + 3 = 0. Give v(l).
4
Let w = -27/13 - -94/39. Let x(u) be the first derivative of -1/2*u**2 + u + w*u**3 - 3. What is x(0)?
1
Let v(q) = -1 - 2 + 2*q - 945*q**2 + 947*q**2. Let u be 4 - (12/(-4) - -5). Give v(u).
9
Let t = 42 - 39. Let s(a) be the second derivative of 0 + a - a**2 + 1/6*a**t + 1/12*a**4. Give s(-2).
0
Let q(w) = -3*w**2 + 5*w - 2. Let n(r) = 6*r - 147. Let f be n(25). What is q(f)?
-14
Let y(r) = -r**2 - 4*r - 2. Let t(g) be the first derivative of -g**3/3 - 3*g**2/2 + 7*g - 23. Let u be t(-5). Determine y(u).
1
